 remainder when k is divided by 15?
13
Suppose -2*a = -4*a - 5*u + 53, -4*a - 5*u + 81 = 0. Calculate the remainder when 1101 is divided by a.
9
Calculate the remainder when 252 is divided by (-8)/(-2)*((-264)/32 + 15).
9
Let i(t) = t**3 + 7*t**2 + 6*t - 10. Let d = 774 + -752. What is the remainder when d is divided by i(-5)?
2
Suppose 4*d - 5071 = -1427. Calculate the remainder when d is divided by 566/6 - 1020/90.
81
Let v = -390 + 404. Calculate the remainder when 21 is divided by (-4)/(-14) - (-234)/v.
4
Let s = -13108 + 13649. Calculate the remainder when s is divided by 96.
61
Let c be (-1520)/(-32)*(-6)/(-5). Let s be -1 + (1 - 2) + -42. Let u = s + c. What is the remainder when 50 is divided by u?
11
Let j be 6369/63 + (-8 - 830/(-105)). Suppose 4*t + 30 - j = -5*p, -4*p = 4. Calculate the remainder when 123 is divided by t.
9
Suppose -5*q + 250 = 5*y, 4*y - 170 = -q + 39. Let d(g) = -7*g**2 + 8*g + 6. Let i be d(-5). Let p = -1 - i. Calculate the remainder when p is divided by y.
49
Let x = 350 - 163. Suppose -2*r + 47 = 5*z - x, 33 = z + 5*r. Calculate the remainder when 87 is divided by z.
39
Let t(l) = l**3 - 114*l**2 + 545*l + 154. Calculate the remainder when 465 is divided by t(109).
3
Let f(x) = 25*x + 1. Suppose -3*z + 57 = -3*w, 381 = 3*w + 399. What is the remainder when f(2) is divided by z?
12
Let s be ((-79)/2)/(-3 + (-40)/(-16)). Let p = s - 53. Suppose 5*d - 29 = p. What is the remainder when 41 is divided by d?
8
Suppose 0 = 91*f - 89*f - 64. What is the remainder when 84 is divided by f?
20
What is the remainder when 401 is divided by (-22)/319 - 843/(-29)?
24
Let o = 5348 - 5273. Suppose -h - 2 = -5. Suppose -3*p + 48 = h*i, -19 = 4*i + 1. Calculate the remainder when o is divided by p.
12
Calculate the remainder when (3561/6)/((-8)/(-16)) is divided by 34.
31
Calculate the remainder when (-1 + 23863/14)*2 is divided by 110.
107
What is the remainder when 1265 is divided by 9/(-4)*(-11264)/528?
17
Suppose -388 = -35*d - 95*d + 392. Calculate the remainder when 28 is divided by d.
4
Let r(g) = 10*g**2 - 6*g + 3. Let t be r(3). Let o = t + -84. Calculate the remainder when 3 is divided by (o/(-6))/(-1) + 10/4.
0
Calculate the remainder when 2483 is divided by 8254/10 + 1536/160 + -10 + 0.
8
What is the remainder when 43 is divided by (3/(-6))/((75/66)/(-25))?
10
Let u(k) = k**3 + 9*k**2 - 72*k + 400. Calculate the remainder when u(8) is divided by 442.
28
Suppose 450 + 20 = 47*v. Let t(r) = -2*r**2 - 16*r + 19. Calculate the remainder when t(-8) is divided by v.
9
Let s(n) = n**3 - 40*n**2 + 46*n - 189. Calculate the remainder when 1413 is divided by s(39).
69
Let b(a) = -4 + 3*a**2 + 5*a - 2*a - 4*a + 3*a - 5*a - 5*a**3. What is the remainder when 62 is divided by b(-1)?
6
Let c(z) = z**2 + 20. Suppose 192 = -2*d + 2*f + 380, -5*f = 4*d - 394. Calculate the remainder when d is divided by c(0).
16
Let a = 3259 + 5062. What is the remainder when a is divided by 25?
21
Let l = 15363 - 14395. Calculate the remainder when l is divided by 180.
68
Calculate the remainder when 1124 is divided by 46/(-23) + -9 + 5 + (231 - 2).
9
Suppose -132 = 5*r - 8*r. What is the remainder when r is divided by 86/6 - (-80)/48?
12
Let n = 31 + -29. Suppose -4*u - 1 = -n*b - 3*u, b + 4*u + 4 = 0. Suppose 2*f + 0*f - 24 = b. What is the remainder when 59 is divided by f?
11
Let o = 1302 + -467. Let p = 1039 - o. Calculate the remainder when p is divided by 52.
48
Suppose 2*s - 3 = d, 5*d + 3*s - 140 + 77 = 0. Let i be (-16)/6*75/(-4). Let q = 102 - i. Calculate the remainder when q is divided by d.
7
Suppose h = -4*x + 1231, 0*h = -3*x - 3*h + 921. Let f = 381 - x. Calculate the remainder when f is divided by 21.
10
Suppose 0 = 10*j - 51*j + 501 + 319. Calculate the remainder when (-4)/6*(-113 - 4) is divided by j.
18
Suppose 12*x - 4064 = 83296. What is the remainder when x is divided by 39?
26
Suppose -15*k + 900 = 10*k. What is the remainder when (12/10)/((-5)/(-725)) is divided by k?
30
Let a(p) = 15 + 17 - 14 + 2*p + 10. Let z = 6 - -5. What is the remainder when a(13) is divided by z?
10
Suppose 828 = -35*t - 1062. Calculate the remainder when 165 is divided by 12/t + (-110)/(-9) + -4.
5
Let s(k) = -126*k + 1231. What is the remainder when s(7) is divided by 8?
5
Suppose -2*u + 36 = 2*i, u - 24*i + 26*i - 12 = 0. What is the remainder when 89 is divided by u?
17
Suppose 6*n = 5003 - 707. Calculate the remainder when n is divided by 316.
84
Let m(h) = 5*h**2 + 6*h + 137. Let k(i) = 2*i**2 + 2*i + 46. Let b(n) = 8*k(n) - 3*m(n). What is the remainder when 164 is divided by b(-9)?
52
Let v = 259 + -147. Let m = v + -80. Suppose 0 = -5*p + 10, -5*p + p - 4 = -2*g. What is the remainder when m is divided by g?
2
Let j(r) = r**2 + r - 3. Let y(u) = -4*u**2 - 31*u - 103. Let b(c) = 3*j(c) + y(c). Calculate the remainder when 13 is divided by b(-5).
1
Let o be (-2)/((-1)/(-4)*-2). Let z = 248 + -264. Calculate the remainder when 52 + z/o + -1 is divided by 17.
13
Suppose -2*y - 2*o = -296, 4*y - o = 646 - 49. Let a = -8 + 33. Calculate the remainder when y is divided by a.
24
Let n(a) = 6*a**2 + a - 1. Let k be n(-2). Suppose 9714 - 3393 = k*c. What is the remainder when c is divided by 19?
16
What is the remainder when (-4 - -1)*(-50610)/630 is divided by 22?
21
Let v(p) = p**3 - 4*p**2 - 7*p - 20. Let y = -209 - -215. Calculate the remainder when 55 is divided by v(y).
5
Let p(h) = -h**2 + 12*h - 18. Let l(u) = -11*u - 2. Let f be l(-1). Suppose -f*y + 80 = -4*y. Calculate the remainder when y is divided by p(9).
7
Suppose 78 = 2*j - m, -521*m + 16 = -525*m. What is the remainder when 6945 is divided by j?
26
Let l be 4 + (1 - -8)*(-279)/(-27). Let b = 103 - l. What is the remainder when 82 is divided by b?
4
Suppose 149*f - 14690 = f + 18*f. What is the remainder when 372 is divided by f?
33
Suppose 0 = 6*p + 3*p. Suppose 136 - 43 = 3*y + 5*t, p = -y - 3*t + 35. Calculate the remainder when 100 is divided by y.
22
Suppose -10 = -2*c + 2*u + 2*u, 0 = 4*c - 3*u - 40. Let j(o) = -3*o - 9. Let s be j(-6). Calculate the remainder when c is divided by (3/1)/(s/12).
1
Suppose -37*w + 38520 = -34185. What is the remainder when w is divided by 33?
18
Let v(k) = -197*k + 3163. Calculate the remainder when 5364 is divided by v(16).
7
Let f = -97 + 276. Let s = 273 - f. Calculate the remainder when s is divided by 33.
28
Let w(i) = -i**3 + 5*i**2 - 4*i + 4. Suppose 14 + 6 = 5*s. Calculate the remainder when w(3) is divided by -2 - (-10)/s - (-253)/46.
4
Let h(q) = -19*q - 39. Let c be h(-5). Suppose -c = 10*g - 186. Let d(r) = -16*r - 1. Calculate the remainder when d(-3) is divided by g.
8
Let n(y) = 11*y**2 - 47*y - 62. What is the remainder when n(7) is divided by (152/10)/(1/5)?
72
Suppose t + 10 = 4*b, 5*t - 83*b - 40 = -81*b. Suppose 3*s - 385 = -2*s. What is the remainder when s is divided by t?
7
Let m = 40 + -16. Suppose -m*c + 10*c = -294. Let f(v) = -21*v - 2. Calculate the remainder when f(-3) is divided by c.
19
Suppose -37 = -4*d + 19. Suppose 4*l - 84 = -3*a + 637, 5*l - 3*a = 908. What is the remainder when l is divided by d?
13
Suppose 0 = -2*m + 67 + 9. Let n be (12/10)/((1 - 2)/(-60)). What is the remainder when m is divided by (-30)/(-7)*336/n?
18
Suppose 207*t + 255*t = -72*t + 75294. Calculate the remainder when t is divided by 55.
31
Let y = 4116 + -4109. What is the remainder when 585 is divided by y?
4
What is the remainder when (21 - 20)*(2 + 2241) is divided by 97?
12
Suppose -43*g + 825 - 206 = -499. Suppose r - 9 = -3*f + 2, 5*f = 2*r. Calculate the remainder when g is divided by r.
1
Let m(f) = -f**3 + 8*f**2 - 9*f - 7. Suppose 49*c - 50*c = -55. Suppose 3 = -4*b + c. What is the remainder when m(5) is divided by b?
10
Suppose -5*b - 153 + 398 = 0. Calculate the remainder when 679 is divided by b.
42
Let b(v) = -44*v**3 - 2*v**2 + 3*v + 4. Suppose h = -4*f + 1, 4*h = -5*f + 2*h + 5. Calculate the remainder when 168 is divided by b(f).
39
Suppose 4*n - 44 = -u, 3*n = -3*u - u + 20. Let o be (-5)/2 - (-3)/(-2)*-5. Let a(r) = r**2 + 7*r - 30. Calculate the remainder when a(o) is divided by n.
6
Let i = 518 - 499. What is the remainder when 805/11 - 42/231 is divided by i?
16
Suppose 15*z - 165 - 2836 - 2024 = 0. What is t